when 74614 is divided by 36958?
698
What is the remainder when 18090 is divided by 15059?
3031
What is the remainder when 1012373 is divided by 337349?
326
Calculate the remainder when 31432451 is divided by 265.
6
Calculate the remainder when 285017 is divided by 247.
226
What is the remainder when 39215711 is divided by 176?
95
What is the remainder when 863502 is divided by 701?
571
Calculate the remainder when 27123928 is divided by 54.
52
Calculate the remainder when 8714712 is divided by 32.
24
What is the remainder when 388970455 is divided by 129656818?
1
What is the remainder when 1593967 is divided by 3108?
2671
What is the remainder when 1090186 is divided by 363389?
19
What is the remainder when 46279629 is divided by 1068?
1053
Calculate the remainder when 10500 is divided by 1376.
868
What is the remainder when 4833161 is divided by 46?
33
What is the remainder when 177069 is divided by 58919?
312
Calculate the remainder when 8238269 is divided by 142.
139
Calculate the remainder when 118150 is divided by 1817.
45
Calculate the remainder when 13388356 is divided by 3027.
2962
Calculate the remainder when 2062182 is divided by 1316.
10
What is the remainder when 117407 is divided by 12902?
1289
Calculate the remainder when 64552440 is divided by 5701.
17
Calculate the remainder when 2185968 is divided by 33.
15
Calculate the remainder when 141495 is divided by 3563.
2538
Calculate the remainder when 1755731 is divided by 25442.
233
Calculate the remainder when 17443129 is divided by 48588.
37
Calculate the remainder when 262998 is divided by 996.
54
Calculate the remainder when 6391015 is divided by 170.
35
What is the remainder when 13924291 is divided by 3481064?
35
Calculate the remainder when 45459532 is divided by 4905.
4897
What is the remainder when 25410 is divided by 1607?
1305
What is the remainder when 743612 is divided by 743601?
11
Calculate the remainder when 3571266 is divided by 1785633.
0
Calculate the remainder when 1262648 is divided by 631320.
8
Calculate the remainder when 688134 is divided by 541.
523
Calculate the remainder when 28383836 is divided by 857.
853
Calculate the remainder when 55264557 is divided by 10.
7
What is the remainder when 8173996 is divided by 6?
4
What is the remainder when 798708 is divided by 371?
316
Calculate the remainder when 445864 is divided by 148611.
31
Calculate the remainder when 105035 is divided by 44.
7
Calculate the remainder when 2172341 is divided by 16.
5
Calculate the remainder when 7185685 is divided by 6837.
6835
Calculate the remainder when 21350157 is divided by 3831.
3825
Calculate the remainder when 17825954 is divided by 13224.
2
Calculate the remainder when 1237654 is divided by 5703.
103
Calculate the remainder when 472639 is divided by 5.
4
Calculate the remainder when 543309 is divided by 90546.
33
What is the remainder when 25704252 is divided by 15?
12
Calculate the remainder when 47413 is divided by 47345.
68
Calculate the remainder when 7526167 is divided by 9851.
3
Calculate the remainder when 2567926 is divided by 2567926.
0
Calculate the remainder when 3078256 is divided by 769560.
16
What is the remainder when 1310227 is divided by 709?
704
Calculate the remainder when 58034 is divided by 9114.
3350
Calculate the remainder when 2358613 is divided by 35.
33
Calculate the remainder when 2310678 is divided by 45306.
72
Calculate the remainder when 204770 is divided by 29250.
20
What is the remainder when 43573882 is divided by 1590?
1522
What is the remainder when 499892 is divided by 124950?
92
Calculate the remainder when 1075647 is divided by 12.
3
Calculate the remainder when 106002 is divided by 11724.
486
What is the remainder when 1843799 is divided by 108?
23
What is the remainder when 6940588 is divided by 24612?
4
What is the remainder when 227417286 is divided by 40?
6
What is the remainder when 4678279 is divided by 17993?
99
Calculate the remainder when 16046548 is divided by 331.
330
Calculate the remainder when 5063091 is divided by 533.
124
Calculate the remainder when 14316424 is divided by 78.
70
Calculate the remainder when 58878 is divided by 7695.
5013
Calculate the remainder when 135599 is divided by 45179.
62
Calculate the remainder when 16726438 is divided by 5575455.
73
Calculate the remainder when 5213455 is divided by 483.
436
What is the remainder when 177491 is divided by 1069?
37
What is the remainder when 182345 is divided by 633?
41
What is the remainder when 11432213 is divided by 15?
8
What is the remainder when 14589 is divided by 4860?
9
Calculate the remainder when 152272 is divided by 152007.
265
Calculate the remainder when 717631880 is divided by 19.
18
What is the remainder when 35503654 is divided by 12?
10
What is the remainder when 2583817 is divided by 3903?
31
What is the remainder when 377001 is divided by 1331?
328
Calculate the remainder when 120700692 is divided by 17.
12
What is the remainder when 6861 is divided by 1116?
165
Calculate the remainder when 513182 is divided by 85516.
86
What is the remainder when 205635 is divided by 48?
3
What is the remainder when 36455874 is divided by 100?
74
What is the remainder when 203189 is divided by 20302?
169
What is the remainder when 2367030 is divided by 338138?
64
What is the remainder when 9613246 is divided by 92?
74
What is the remainder when 81474739 is divided by 2386?
2383
Calculate the remainder when 219081 is divided by 1532.
5
What is the remainder when 1252548 is divided by 2588?
2544
What is the remainder when 3237171 is divided by 197?
67
What is the remainder when 982411 is divided by 35086?
3
What is the remainder when 725437 is divided by 7043?
8
What is the remainder when 36547 is divided by 18260?
27
Calculate the remainder when 420166 is divided by 50.
16
Calculate the remainder when 8725 is divided by 2170.
45
Calculate the remainder when 158130 is divided by 274.
32
What is the remainder when 97741 is divided by 3065?
2726
What is the remainder when 1638663 is divided by 11072?
7
What is the remainder when 46196853 is divided by 11737?
21
What is the remainder when 230036 is divided by 3242?
3096
Calculate the remainder when 12071380 is divided by 12071218.
162
What is the remainder when 12443673 is divided by 25?
23
What is the remainder when 129965 is divided by 2304?
941
Calculate the remainder when 34665 is divided by 34250.
415
What is the remainder when 24597175 is divided by 188?
7
Calculate the remainder when 6767890 is divided by 56873.
3
Calculate the remainder when 148990 is divided by 737.
116
What is the remainder when 164326 is divided by 3160?
6
What is the remainder when 70974505 is divided by 2789?
33
Calculate the remainder when 20201 is divided by 9632.
937
What is the remainder when 808924 is divided by 2489?
2488
Calculate the remainder when 240460 is divided by 5133.
4342
Calculate the remainder when 5915714 is divided by 69.
68
What is the remainder when 56585031 is divided by 20?
11
What is the remainder when 140978 is divided by 15662?
20
Calculate the remainder when 249584 is divided by 117413.
14758
Calculate the remainder when 1688974 is divided by 21.
7
What is the remainder when 2663049 is divided by 3197?
3145
What is the remainder when 37810 is divided by 18605?
600
Calculate the remainder when 3270605 is divided by 100.
5
What is the remainder when 3123843 is divided by 208249?
108
What is the remainder when 22000246 is divided by 22000233?
13
Calculate the remainder when 1493566 is divided by 298713.
1
What is the remainder when 6773131 is divided by 182?
1
What is the remainder when 215167 is divided by 71589?
400
Calculate the remainder when 1602848 is divided by 228933.
317
What is the remainder when 174700378 is divided by 3970463?
6
What is the remainder when 303440 is divided by 184?
24
Calculate the remainder when 57240 is divided by 1217.
41
Calculate the remainder when 33982 is divided by 1929.
1189
What is the remainder when 96723 is divided by 3571?
306
Calculate the remainder when 1580483 is divided by 526824.
11
Calculate the remainder when 1210839 is divided by 4036.
39
What is the remainder when 19069 is divided by 2053?
592
Calculate the remainder when 4324011 is divided by 1529.